{"id":16952,"date":"2024-02-07T13:32:03","date_gmt":"2024-02-07T11:32:03","guid":{"rendered":"https:\/\/farineracoromina.com\/?page_id=16952"},"modified":"2024-02-07T13:26:00","modified_gmt":"2024-02-07T11:26:00","slug":"politica-de-qualitat","status":"publish","type":"page","link":"https:\/\/farineracoromina.com\/ca\/politica-de-qualitat\/","title":{"rendered":"POL\u00cdTICA DE QUALITAT"},"content":{"rendered":"<div class=\"fusion-fullwidth fullwidth-box fusion-builder-row-1 fusion-flex-container nonhundred-percent-fullwidth non-hundred-percent-height-scrolling\" style=\"--awb-border-radius-top-left:0px;--awb-border-radius-top-right:0px;--awb-border-radius-bottom-right:0px;--awb-border-radius-bottom-left:0px;--awb-flex-wrap:wrap;\" ><div class=\"fusion-builder-row fusion-row fusion-flex-align-items-flex-start fusion-flex-content-wrap\" style=\"max-width:1248px;margin-left: calc(-4% \/ 2 );margin-right: calc(-4% \/ 2 );\"><div class=\"fusion-layout-column fusion_builder_column fusion-builder-column-0 fusion_builder_column_1_1 1_1 fusion-flex-column\" style=\"--awb-bg-size:cover;--awb-width-large:100%;--awb-margin-top-large:0px;--awb-spacing-right-large:1.92%;--awb-margin-bottom-large:0px;--awb-spacing-left-large:1.92%;--awb-width-medium:100%;--awb-spacing-right-medium:1.92%;--awb-spacing-left-medium:1.92%;--awb-width-small:100%;--awb-spacing-right-small:1.92%;--awb-spacing-left-small:1.92%;\"><div class=\"fusion-column-wrapper fusion-flex-justify-content-flex-start fusion-content-layout-column\"><div class=\"fusion-text fusion-text-1\" id=\"https:\/\/farineracoromina.com\/wp-admin\/post.php?post=16937&amp;action=edit&amp;lang=es#\"><h2>POL\u00cdTICA DE QUALITAT<\/h2>\n<p>La missi\u00f3 de Farinera Coromina (Agri-Energia S.A.) \u00e9s transformar el pa en un aliment amb gust, saludable i sostenible, a trav\u00e9s de la fleca artesana.<\/p>\n<p>Farinera Coromina subministra als forners artesans farines d&#8217;alta qualitat per ajudar-los a diferenciar-se, oferint un servei d&#8217;assessorament que abasta tot el proc\u00e9s de panificaci\u00f3. En els \u00faltims anys el nostre lideratge en el segment fleca artesanal s&#8217;ha vist ampliat a la pastisseria d&#8217;alta gamma, en especial la brioixeria, i tamb\u00e9 en les pizzes artesanes. Ens esforcem per satisfer i superar les expectatives dels nostres clients en tot moment, i ho fem amb el m\u00e0xim respecte per la seguretat dels nostres empleats i consumidors, aix\u00ed com tamb\u00e9 pel medi ambient.<\/p>\n<p>Un segell d&#8217;identitat que caracteritza l&#8217;empresa en termes de Seguretat Aliment\u00e0ria \u00e9s la implantaci\u00f3 d&#8217;un sistema de Gesti\u00f3 de la Innocu\u00eftat dels aliments basat en la Norma UNE-EN ISO 22000:2018. Per assolir aquest objectiu, Agri-Energia S.A. es compromet a complir amb tots els requisits legals i reglamentaris aplicables d&#8217; ISO 22000.<\/p>\n<p>Per complir amb aquests compromisos, hem establert els seg\u00fcents objectius:<\/p>\n<ul>\n<li>\u2022 Millorar cont\u00ednuament l&#8217;efectivitat del Sistema de Gesti\u00f3 de Seguretat Aliment\u00e0ria i Qualitat implementat a la nostra empresa.<\/li>\n<li>Satisfer les necessitats dels nostres clients, sempre tenint en consideraci\u00f3 els requisits legals, normatives i els requisits de client en base al producte demanat.<\/li>\n<li>Fomentar una cultura de millora cont\u00ednua en tots els aspectes del nostre negoci, aix\u00ed com una cultura de qualitat i seguretat aliment\u00e0ria.<\/li>\n<li>Proporcionar una formaci\u00f3 adequada i cont\u00ednua a tots els nostres empleats per garantir la seva compet\u00e8ncia i capacitat per dur a terme les seves tasques de manera efectiva.<\/li>\n<li>Mantenir una comunicaci\u00f3 efica\u00e7 amb els nostres clients, prove\u00efdors i parts interessades rellevants, aix\u00ed com una comunicaci\u00f3 cont\u00ednua i efectiva dins de l&#8217; organitzaci\u00f3.<\/li>\n<\/ul>\n<p>Estem compromesos amb l&#8217;\u00e8xit de la nostra organitzaci\u00f3, amb la satisfacci\u00f3 dels nostres clients i parts interessades. Aquesta pol\u00edtica de qualitat \u00e9s una guia per a la nostra empresa, per a tots els treballadors, i es revisar\u00e0 peri\u00f2dicament per assegurar la seva cont\u00ednua adequaci\u00f3.<\/p>\n<\/div><div class=\"fusion-builder-row fusion-builder-row-inner fusion-row fusion-flex-align-items-flex-start fusion-flex-content-wrap\" style=\"--awb-flex-grow:0;--awb-flex-grow-medium:0;--awb-flex-grow-small:0;--awb-flex-shrink:0;--awb-flex-shrink-medium:0;--awb-flex-shrink-small:0;width:104% !important;max-width:104% !important;margin-left: calc(-4% \/ 2 );margin-right: calc(-4% \/ 2 );\"><div class=\"fusion-layout-column fusion_builder_column_inner fusion-builder-nested-column-0 fusion_builder_column_inner_1_4 1_4 fusion-flex-column fusion-flex-align-self-stretch fusion-column-inner-bg-wrapper\" style=\"--awb-padding-top:5px;--awb-padding-right:5px;--awb-padding-bottom:5px;--awb-padding-left:5px;--awb-overflow:hidden;--awb-inner-bg-color:#1226aa;--awb-inner-bg-color-hover:#1226aa;--awb-inner-bg-size:cover;--awb-border-radius:36px 0px 0px 36px;--awb-inner-bg-border-radius:36px 0px 0px 36px;--awb-inner-bg-overflow:hidden;--awb-width-large:25%;--awb-margin-top-large:20px;--awb-spacing-right-large:0px;--awb-margin-bottom-large:0px;--awb-spacing-left-large:7.68%;--awb-width-medium:100%;--awb-order-medium:0;--awb-spacing-right-medium:1.92%;--awb-spacing-left-medium:1.92%;--awb-width-small:83.333333333333%;--awb-order-small:0;--awb-spacing-right-small:0px;--awb-spacing-left-small:2.304%;\" data-scroll-devices=\"small-visibility,medium-visibility,large-visibility\"><span class=\"fusion-column-inner-bg hover-type-none\"><a class=\"fusion-column-anchor\" href=\"https:\/\/farineracoromina.com\/wp-content\/uploads\/2024\/02\/Politica-en-seguretat-alimentaria_Farinera-Coromina.pdf\"><span class=\"fusion-column-inner-bg-image\"><\/span><\/a><\/span><div class=\"fusion-column-wrapper fusion-column-has-shadow fusion-flex-justify-content-center fusion-content-layout-column\"><div class=\"fusion-text fusion-text-2 fusion-text-no-margin\" style=\"--awb-content-alignment:center;--awb-font-size:16px;--awb-line-height:var(--awb-typography4-line-height);--awb-letter-spacing:var(--awb-typography4-letter-spacing);--awb-text-color:#ffffff;--awb-margin-bottom:0px;--awb-text-font-family:var(--awb-typography4-font-family);--awb-text-font-weight:var(--awb-typography4-font-weight);--awb-text-font-style:var(--awb-typography4-font-style);\"><p>Descarrega la pol\u00edtica de qualitat<\/p>\n<\/div><\/div><\/div><div class=\"fusion-layout-column fusion_builder_column_inner fusion-builder-nested-column-1 fusion_builder_column_inner_1_6 1_6 fusion-flex-column fusion-flex-align-self-stretch fusion-column-inner-bg-wrapper\" style=\"--awb-padding-top:5px;--awb-padding-right:5px;--awb-padding-bottom:5px;--awb-padding-left:5px;--awb-overflow:hidden;--awb-inner-bg-color:#1226aa;--awb-inner-bg-color-hover:#1226aa;--awb-inner-bg-size:cover;--awb-border-radius:0px 36px 36px 0px;--awb-inner-bg-border-radius:0px 36px 36px 0px;--awb-inner-bg-overflow:hidden;--awb-width-large:16.666666666667%;--awb-margin-top-large:20px;--awb-spacing-right-large:11.52%;--awb-margin-bottom-large:0px;--awb-spacing-left-large:0px;--awb-width-medium:100%;--awb-order-medium:0;--awb-spacing-right-medium:1.92%;--awb-spacing-left-medium:1.92%;--awb-width-small:16.666666666667%;--awb-order-small:0;--awb-spacing-right-small:11.52%;--awb-spacing-left-small:0px;\" data-scroll-devices=\"small-visibility,medium-visibility,large-visibility\"><span class=\"fusion-column-inner-bg hover-type-none\"><a class=\"fusion-column-anchor\" href=\"https:\/\/farineracoromina.com\/wp-content\/uploads\/2024\/02\/Politica-en-seguretat-alimentaria_Farinera-Coromina.pdf\"><span class=\"fusion-column-inner-bg-image\"><\/span><\/a><\/span><div class=\"fusion-column-wrapper fusion-column-has-shadow fusion-flex-justify-content-flex-start fusion-content-layout-column\"><i class=\"fb-icon-element-1 fb-icon-element fontawesome-icon fa-arrow-down fas circle-yes\" style=\"--awb-iconcolor:#1226aa;--awb-iconcolor-hover:#007aff;--awb-circlecolor:#ffffff;--awb-circlecolor-hover:#ffffff;--awb-circlebordersize:0px;--awb-font-size:21.12px;--awb-width:42.24px;--awb-height:42.24px;--awb-line-height:42.24px;--awb-margin-top:0;--awb-margin-right:0;--awb-margin-bottom:0;--awb-margin-left:12px;--awb-align-self:flex-end;\"><\/i><\/div><\/div><\/div><\/div><\/div><\/div><\/div>\n","protected":false},"excerpt":{"rendered":"","protected":false},"author":4,"featured_media":0,"parent":0,"menu_order":0,"comment_status":"closed","ping_status":"closed","template":"","meta":{"_acf_changed":false,"footnotes":""},"class_list":["post-16952","page","type-page","status-publish","hentry"],"acf":[],"_links":{"self":[{"href":"https:\/\/farineracoromina.com\/ca\/wp-json\/wp\/v2\/pages\/16952","targetHints":{"allow":["GET"]}}],"collection":[{"href":"https:\/\/farineracoromina.com\/ca\/wp-json\/wp\/v2\/pages"}],"about":[{"href":"https:\/\/farineracoromina.com\/ca\/wp-json\/wp\/v2\/types\/page"}],"author":[{"embeddable":true,"href":"https:\/\/farineracoromina.com\/ca\/wp-json\/wp\/v2\/users\/4"}],"replies":[{"embeddable":true,"href":"https:\/\/farineracoromina.com\/ca\/wp-json\/wp\/v2\/comments?post=16952"}],"version-history":[{"count":11,"href":"https:\/\/farineracoromina.com\/ca\/wp-json\/wp\/v2\/pages\/16952\/revisions"}],"predecessor-version":[{"id":16982,"href":"https:\/\/farineracoromina.com\/ca\/wp-json\/wp\/v2\/pages\/16952\/revisions\/16982"}],"wp:attachment":[{"href":"https:\/\/farineracoromina.com\/ca\/wp-json\/wp\/v2\/media?parent=16952"}],"curies":[{"name":"wp","href":"https:\/\/api.w.org\/{rel}","templated":true}]}}

POLÍTICA DE QUALITAT

<div class="fusion-fullwidth fullwidth-box fusion-builder-row-1 fusion-flex-container nonhundred-percent-fullwidth non-hundred-percent-height-scrolling" style="--awb-border-radius-top-left:0px;--awb-border-radius-top-right:0px;--awb-border-radius-bottom-right:0px;--awb-border-radius-bottom-left:0px;--awb-flex-wrap:wrap;" ><div class="fusion-builder-row fusion-row fusion-flex-align-items-flex-start fusion-flex-content-wrap" style="max-width:1248px;margin-left: calc(-4% / 2 );margin-right: calc(-4% / 2 );"><div class="fusion-layout-column fusion_builder_column fusion-builder-column-0 fusion_builder_column_1_1 1_1 fusion-flex-column" style="--awb-bg-size:cover;--awb-width-large:100%;--awb-margin-top-large:0px;--awb-spacing-right-large:1.92%;--awb-margin-bottom-large:0px;--awb-spacing-left-large:1.92%;--awb-width-medium:100%;--awb-spacing-right-medium:1.92%;--awb-spacing-left-medium:1.92%;--awb-width-small:100%;--awb-spacing-right-small:1.92%;--awb-spacing-left-small:1.92%;"><div class="fusion-column-wrapper fusion-flex-justify-content-flex-start fusion-content-layout-column"><div class="fusion-text fusion-text-1" id="https://farineracoromina.com/wp-admin/post.php?post=16937&amp;action=edit&amp;lang=es#"><h2>POLÍTICA DE QUALITAT</h2>
<p>La missió de Farinera Coromina (Agri-Energia S.A.) és transformar el pa en un aliment amb gust, saludable i sostenible, a través de la fleca artesana.</p>
<p>Farinera Coromina subministra als forners artesans farines d&#8217;alta qualitat per ajudar-los a diferenciar-se, oferint un servei d&#8217;assessorament que abasta tot el procés de panificació. En els últims anys el nostre lideratge en el segment fleca artesanal s&#8217;ha vist ampliat a la pastisseria d&#8217;alta gamma, en especial la brioixeria, i també en les pizzes artesanes. Ens esforcem per satisfer i superar les expectatives dels nostres clients en tot moment, i ho fem amb el màxim respecte per la seguretat dels nostres empleats i consumidors, així com també pel medi ambient.</p>
<p>Un segell d&#8217;identitat que caracteritza l&#8217;empresa en termes de Seguretat Alimentària és la implantació d&#8217;un sistema de Gestió de la Innocuïtat dels aliments basat en la Norma UNE-EN ISO 22000:2018. Per assolir aquest objectiu, Agri-Energia S.A. es compromet a complir amb tots els requisits legals i reglamentaris aplicables d&#8217; ISO 22000.</p>
<p>Per complir amb aquests compromisos, hem establert els següents objectius:</p>
<ul>
<li>• Millorar contínuament l&#8217;efectivitat del Sistema de Gestió de Seguretat Alimentària i Qualitat implementat a la nostra empresa.</li>
<li>Satisfer les necessitats dels nostres clients, sempre tenint en consideració els requisits legals, normatives i els requisits de client en base al producte demanat.</li>
<li>Fomentar una cultura de millora contínua en tots els aspectes del nostre negoci, així com una cultura de qualitat i seguretat alimentària.</li>
<li>Proporcionar una formació adequada i contínua a tots els nostres empleats per garantir la seva competència i capacitat per dur a terme les seves tasques de manera efectiva.</li>
<li>Mantenir una comunicació eficaç amb els nostres clients, proveïdors i parts interessades rellevants, així com una comunicació contínua i efectiva dins de l&#8217; organització.</li>
</ul>
<p>Estem compromesos amb l&#8217;èxit de la nostra organització, amb la satisfacció dels nostres clients i parts interessades. Aquesta política de qualitat és una guia per a la nostra empresa, per a tots els treballadors, i es revisarà periòdicament per assegurar la seva contínua adequació.</p>
</div><div class="fusion-builder-row fusion-builder-row-inner fusion-row fusion-flex-align-items-flex-start fusion-flex-content-wrap" style="--awb-flex-grow:0;--awb-flex-grow-medium:0;--awb-flex-grow-small:0;--awb-flex-shrink:0;--awb-flex-shrink-medium:0;--awb-flex-shrink-small:0;width:104% !important;max-width:104% !important;margin-left: calc(-4% / 2 );margin-right: calc(-4% / 2 );"><div class="fusion-layout-column fusion_builder_column_inner fusion-builder-nested-column-0 fusion_builder_column_inner_1_4 1_4 fusion-flex-column fusion-flex-align-self-stretch fusion-column-inner-bg-wrapper" style="--awb-padding-top:5px;--awb-padding-right:5px;--awb-padding-bottom:5px;--awb-padding-left:5px;--awb-overflow:hidden;--awb-inner-bg-color:#1226aa;--awb-inner-bg-color-hover:#1226aa;--awb-inner-bg-size:cover;--awb-border-radius:36px 0px 0px 36px;--awb-inner-bg-border-radius:36px 0px 0px 36px;--awb-inner-bg-overflow:hidden;--awb-width-large:25%;--awb-margin-top-large:20px;--awb-spacing-right-large:0px;--awb-margin-bottom-large:0px;--awb-spacing-left-large:7.68%;--awb-width-medium:100%;--awb-order-medium:0;--awb-spacing-right-medium:1.92%;--awb-spacing-left-medium:1.92%;--awb-width-small:83.333333333333%;--awb-order-small:0;--awb-spacing-right-small:0px;--awb-spacing-left-small:2.304%;" data-scroll-devices="small-visibility,medium-visibility,large-visibility"><span class="fusion-column-inner-bg hover-type-none"><a class="fusion-column-anchor" href="https://farineracoromina.com/wp-content/uploads/2024/02/Politica-en-seguretat-alimentaria_Farinera-Coromina.pdf"><span class="fusion-column-inner-bg-image"></span></a></span><div class="fusion-column-wrapper fusion-column-has-shadow fusion-flex-justify-content-center fusion-content-layout-column"><div class="fusion-text fusion-text-2 fusion-text-no-margin" style="--awb-content-alignment:center;--awb-font-size:16px;--awb-line-height:var(--awb-typography4-line-height);--awb-letter-spacing:var(--awb-typography4-letter-spacing);--awb-text-color:#ffffff;--awb-margin-bottom:0px;--awb-text-font-family:var(--awb-typography4-font-family);--awb-text-font-weight:var(--awb-typography4-font-weight);--awb-text-font-style:var(--awb-typography4-font-style);"><p>Descarrega la política de qualitat</p>
</div></div></div><div class="fusion-layout-column fusion_builder_column_inner fusion-builder-nested-column-1 fusion_builder_column_inner_1_6 1_6 fusion-flex-column fusion-flex-align-self-stretch fusion-column-inner-bg-wrapper" style="--awb-padding-top:5px;--awb-padding-right:5px;--awb-padding-bottom:5px;--awb-padding-left:5px;--awb-overflow:hidden;--awb-inner-bg-color:#1226aa;--awb-inner-bg-color-hover:#1226aa;--awb-inner-bg-size:cover;--awb-border-radius:0px 36px 36px 0px;--awb-inner-bg-border-radius:0px 36px 36px 0px;--awb-inner-bg-overflow:hidden;--awb-width-large:16.666666666667%;--awb-margin-top-large:20px;--awb-spacing-right-large:11.52%;--awb-margin-bottom-large:0px;--awb-spacing-left-large:0px;--awb-width-medium:100%;--awb-order-medium:0;--awb-spacing-right-medium:1.92%;--awb-spacing-left-medium:1.92%;--awb-width-small:16.666666666667%;--awb-order-small:0;--awb-spacing-right-small:11.52%;--awb-spacing-left-small:0px;" data-scroll-devices="small-visibility,medium-visibility,large-visibility"><span class="fusion-column-inner-bg hover-type-none"><a class="fusion-column-anchor" href="https://farineracoromina.com/wp-content/uploads/2024/02/Politica-en-seguretat-alimentaria_Farinera-Coromina.pdf"><span class="fusion-column-inner-bg-image"></span></a></span><div class="fusion-column-wrapper fusion-column-has-shadow fusion-flex-justify-content-flex-start fusion-content-layout-column"><i class="fb-icon-element-1 fb-icon-element fontawesome-icon fa-arrow-down fas circle-yes" style="--awb-iconcolor:#1226aa;--awb-iconcolor-hover:#007aff;--awb-circlecolor:#ffffff;--awb-circlecolor-hover:#ffffff;--awb-circlebordersize:0px;--awb-font-size:21.12px;--awb-width:42.24px;--awb-height:42.24px;--awb-line-height:42.24px;--awb-margin-top:0;--awb-margin-right:0;--awb-margin-bottom:0;--awb-margin-left:12px;--awb-align-self:flex-end;"></i></div></div></div></div></div></div></div>
