{"id":13753,"date":"2023-02-06T19:19:34","date_gmt":"2023-02-06T17:19:34","guid":{"rendered":"https:\/\/farineracoromina.com\/?post_type=product&#038;p=13753"},"modified":"2025-02-10T12:30:48","modified_gmt":"2025-02-10T10:30:48","slug":"florence-aurora-eco","status":"publish","type":"product","link":"https:\/\/farineracoromina.com\/ca\/producte\/florence-aurora-eco\/","title":{"rendered":"Florence Aurora ECO"},"content":{"rendered":"","protected":false},"excerpt":{"rendered":"<p>La Florence Aurora \u00e9s una nova farina ecol\u00f2gica de proximitat cultivada al Parc Natural dels Aiguamolls de l\u2019Empord\u00e0. \u00c9s un blat antic recuperat, on el seu cultiu a nivell mundial \u00e9s limitat.<\/p>\n<p>Es caracteritza per ser una farina molt vers\u00e0til que permet elaborar tot tipus de pans molt saborosos amb una molla ben alveolada i unes crostes ben caramelitzades. La massa es treballa de la mateixa manera que es treballa una farina d&#8217;espelta, \u00e9s a dir, amb for\u00e7a hidrataci\u00f3 des del principi i un amassat curt. Es pot treballar sol, amb massa mare o tamb\u00e9 amb massa mare i molt poc llevat, tenint en compte que s&#8217;hauran de fer fermentacions llargues.<\/p>\n<ul>\n<li>Alta capacitat d\u2019absorci\u00f3, es treballa semblant a una farina d\u2019espelta ecol\u00f2gica.<\/li>\n<li>Procedent del Triticum Aestivum, un blat antic amb m\u00e9s de 80 anys d\u2019hist\u00f2ria, ric en nutrients.<\/li>\n<li>Textura excepcional: molla esponjosa i alveolada, amb una escor\u00e7a caramel\u00b7litzada.<\/li>\n<\/ul>\n","protected":false},"featured_media":14961,"comment_status":"closed","ping_status":"closed","template":"","meta":{"_acf_changed":false},"product_brand":[],"product_cat":[51,159],"product_tag":[],"class_list":{"0":"post-13753","1":"product","2":"type-product","3":"status-publish","4":"has-post-thumbnail","6":"product_cat-farines-eco","7":"product_cat-farines-per-pa","9":"first","10":"instock","11":"shipping-taxable","12":"product-type-simple"},"acf":[],"_links":{"self":[{"href":"https:\/\/farineracoromina.com\/ca\/wp-json\/wp\/v2\/product\/13753","targetHints":{"allow":["GET"]}}],"collection":[{"href":"https:\/\/farineracoromina.com\/ca\/wp-json\/wp\/v2\/product"}],"about":[{"href":"https:\/\/farineracoromina.com\/ca\/wp-json\/wp\/v2\/types\/product"}],"replies":[{"embeddable":true,"href":"https:\/\/farineracoromina.com\/ca\/wp-json\/wp\/v2\/comments?post=13753"}],"wp:featuredmedia":[{"embeddable":true,"href":"https:\/\/farineracoromina.com\/ca\/wp-json\/wp\/v2\/media\/14961"}],"wp:attachment":[{"href":"https:\/\/farineracoromina.com\/ca\/wp-json\/wp\/v2\/media?parent=13753"}],"wp:term":[{"taxonomy":"product_brand","embeddable":true,"href":"https:\/\/farineracoromina.com\/ca\/wp-json\/wp\/v2\/product_brand?post=13753"},{"taxonomy":"product_cat","embeddable":true,"href":"https:\/\/farineracoromina.com\/ca\/wp-json\/wp\/v2\/product_cat?post=13753"},{"taxonomy":"product_tag","embeddable":true,"href":"https:\/\/farineracoromina.com\/ca\/wp-json\/wp\/v2\/product_tag?post=13753"}],"curies":[{"name":"wp","href":"https:\/\/api.w.org\/{rel}","templated":true}]}}

<p>La Florence Aurora és una nova farina ecològica de proximitat cultivada al Parc Natural dels Aiguamolls de l’Empordà. És un blat antic recuperat, on el seu cultiu a nivell mundial és limitat.</p>
<p>Es caracteritza per ser una farina molt versàtil que permet elaborar tot tipus de pans molt saborosos amb una molla ben alveolada i unes crostes ben caramelitzades. La massa es treballa de la mateixa manera que es treballa una farina d&#8217;espelta, és a dir, amb força hidratació des del principi i un amassat curt. Es pot treballar sol, amb massa mare o també amb massa mare i molt poc llevat, tenint en compte que s&#8217;hauran de fer fermentacions llargues.</p>
<ul>
<li>Alta capacitat d’absorció, es treballa semblant a una farina d’espelta ecològica.</li>
<li>Procedent del Triticum Aestivum, un blat antic amb més de 80 anys d’història, ric en nutrients.</li>
<li>Textura excepcional: molla esponjosa i alveolada, amb una escorça caramel·litzada.</li>
</ul>
