{"id":13755,"date":"2023-02-06T20:22:23","date_gmt":"2023-02-06T18:22:23","guid":{"rendered":"https:\/\/farineracoromina.com\/?post_type=product&#038;p=13755"},"modified":"2025-02-10T13:38:33","modified_gmt":"2025-02-10T11:38:33","slug":"gran-forca-00","status":"publish","type":"product","link":"https:\/\/farineracoromina.com\/ca\/producte\/gran-forca-00\/","title":{"rendered":"Gran For\u00e7a 00"},"content":{"rendered":"","protected":false},"excerpt":{"rendered":"<p>Farina de Gran For\u00e7a, <strong>sense additius<\/strong>, dissenyada especialment per a professionals que busquen una farina d&#8217;alta for\u00e7a amb una excel\u00b7lent extensibilitat. Aquesta farina \u00e9s perfecta per a l&#8217;elaboraci\u00f3 de croissants, coques de Sant Joan, brioche, pans de llet, pans de motlle, entre altres,<strong> sense necessitat de cap tipus d&#8217;additiu.<\/strong><\/p>\n<p>Gr\u00e0cies als blats utilitzats, aquesta farina pot suportar llargues fermentacions i tamb\u00e9 per\u00edodes de congelaci\u00f3 <strong>sense necessitat de ser corregida<\/strong> amb \u00e0cid asc\u00f2rbic o millorants de panificaci\u00f3.<\/p>\n","protected":false},"featured_media":14342,"comment_status":"closed","ping_status":"closed","template":"","meta":{"_acf_changed":false},"product_brand":[],"product_cat":[178,195,159,160,204],"product_tag":[],"class_list":{"0":"post-13755","1":"product","2":"type-product","3":"status-publish","4":"has-post-thumbnail","6":"product_cat-farines-de-forca","7":"product_cat-farines-originals","8":"product_cat-farines-per-pa","9":"product_cat-farines-per-pastisseria","10":"product_cat-gran-forca","12":"first","13":"instock","14":"shipping-taxable","15":"product-type-simple"},"acf":[],"_links":{"self":[{"href":"https:\/\/farineracoromina.com\/ca\/wp-json\/wp\/v2\/product\/13755","targetHints":{"allow":["GET"]}}],"collection":[{"href":"https:\/\/farineracoromina.com\/ca\/wp-json\/wp\/v2\/product"}],"about":[{"href":"https:\/\/farineracoromina.com\/ca\/wp-json\/wp\/v2\/types\/product"}],"replies":[{"embeddable":true,"href":"https:\/\/farineracoromina.com\/ca\/wp-json\/wp\/v2\/comments?post=13755"}],"wp:featuredmedia":[{"embeddable":true,"href":"https:\/\/farineracoromina.com\/ca\/wp-json\/wp\/v2\/media\/14342"}],"wp:attachment":[{"href":"https:\/\/farineracoromina.com\/ca\/wp-json\/wp\/v2\/media?parent=13755"}],"wp:term":[{"taxonomy":"product_brand","embeddable":true,"href":"https:\/\/farineracoromina.com\/ca\/wp-json\/wp\/v2\/product_brand?post=13755"},{"taxonomy":"product_cat","embeddable":true,"href":"https:\/\/farineracoromina.com\/ca\/wp-json\/wp\/v2\/product_cat?post=13755"},{"taxonomy":"product_tag","embeddable":true,"href":"https:\/\/farineracoromina.com\/ca\/wp-json\/wp\/v2\/product_tag?post=13755"}],"curies":[{"name":"wp","href":"https:\/\/api.w.org\/{rel}","templated":true}]}}

Gran Força 00

<p>Farina de Gran Força, <strong>sense additius</strong>, dissenyada especialment per a professionals que busquen una farina d&#8217;alta força amb una excel·lent extensibilitat. Aquesta farina és perfecta per a l&#8217;elaboració de croissants, coques de Sant Joan, brioche, pans de llet, pans de motlle, entre altres,<strong> sense necessitat de cap tipus d&#8217;additiu.</strong></p>
<p>Gràcies als blats utilitzats, aquesta farina pot suportar llargues fermentacions i també períodes de congelació <strong>sense necessitat de ser corregida</strong> amb àcid ascòrbic o millorants de panificació.</p>
