{"id":14731,"date":"2023-02-06T18:44:14","date_gmt":"2023-02-06T16:44:14","guid":{"rendered":"https:\/\/farineracoromina.com\/?post_type=product&#038;p=14731"},"modified":"2024-03-15T15:43:36","modified_gmt":"2024-03-15T13:43:36","slug":"harina-ecologica-de-fuerza","status":"publish","type":"product","link":"https:\/\/farineracoromina.com\/fr\/producte\/harina-ecologica-de-fuerza\/","title":{"rendered":"Harina Ecol\u00f3gica de Fuerza"},"content":{"rendered":"","protected":false},"excerpt":{"rendered":"<p>Esta harina se adapta perfectamente a diferentes tipos de trabajo, ya sea en panader\u00eda o en boller\u00eda e incluso permite realizar panettones ecol\u00f3gicos. Adem\u00e1s, no necesita mejorante para ser utilizada. Se puede utilizar tambi\u00e9n por reforzar la harina panificable ecol\u00f3gica para elaborar chapatas o panes de cristal ecol\u00f3gicos. Se adapta perfectamente a las fermentaciones largas con masa madre natural.<\/p>\n<p><img decoding=\"async\" class=\"wp-image-2872 alignnone\" src=\"https:\/\/farineracoromina.com\/wp-content\/uploads\/2018\/04\/logo-bio.png\" alt=\"\" width=\"118\" height=\"97\" \/><\/p>\n","protected":false},"featured_media":17043,"comment_status":"closed","ping_status":"closed","template":"","meta":{"_acf_changed":false},"product_brand":[],"product_cat":[210,222],"product_tag":[],"class_list":{"0":"post-14731","1":"product","2":"type-product","3":"status-publish","4":"has-post-thumbnail","6":"product_cat-harinas-ecologicas","7":"product_cat-harinas-para-pan","9":"first","10":"instock","11":"shipping-taxable","12":"product-type-simple"},"acf":[],"_links":{"self":[{"href":"https:\/\/farineracoromina.com\/fr\/wp-json\/wp\/v2\/product\/14731","targetHints":{"allow":["GET"]}}],"collection":[{"href":"https:\/\/farineracoromina.com\/fr\/wp-json\/wp\/v2\/product"}],"about":[{"href":"https:\/\/farineracoromina.com\/fr\/wp-json\/wp\/v2\/types\/product"}],"replies":[{"embeddable":true,"href":"https:\/\/farineracoromina.com\/fr\/wp-json\/wp\/v2\/comments?post=14731"}],"wp:featuredmedia":[{"embeddable":true,"href":"https:\/\/farineracoromina.com\/fr\/wp-json\/wp\/v2\/media\/17043"}],"wp:attachment":[{"href":"https:\/\/farineracoromina.com\/fr\/wp-json\/wp\/v2\/media?parent=14731"}],"wp:term":[{"taxonomy":"product_brand","embeddable":true,"href":"https:\/\/farineracoromina.com\/fr\/wp-json\/wp\/v2\/product_brand?post=14731"},{"taxonomy":"product_cat","embeddable":true,"href":"https:\/\/farineracoromina.com\/fr\/wp-json\/wp\/v2\/product_cat?post=14731"},{"taxonomy":"product_tag","embeddable":true,"href":"https:\/\/farineracoromina.com\/fr\/wp-json\/wp\/v2\/product_tag?post=14731"}],"curies":[{"name":"wp","href":"https:\/\/api.w.org\/{rel}","templated":true}]}}

Harina Ecológica de Fuerza

<p>Esta harina se adapta perfectamente a diferentes tipos de trabajo, ya sea en panadería o en bollería e incluso permite realizar panettones ecológicos. Además, no necesita mejorante para ser utilizada. Se puede utilizar también por reforzar la harina panificable ecológica para elaborar chapatas o panes de cristal ecológicos. Se adapta perfectamente a las fermentaciones largas con masa madre natural.</p>
<p><img decoding="async" class="wp-image-2872 alignnone" src="https://farineracoromina.com/wp-content/uploads/2018/04/logo-bio.png" alt="" width="118" height="97" /></p>
