{"id":14732,"date":"2023-02-06T18:59:51","date_gmt":"2023-02-06T16:59:51","guid":{"rendered":"https:\/\/farineracoromina.com\/?post_type=product&#038;p=14732"},"modified":"2023-03-30T12:12:38","modified_gmt":"2023-03-30T10:12:38","slug":"harina-ecologica-integral","status":"publish","type":"product","link":"https:\/\/farineracoromina.com\/fr\/producte\/harina-ecologica-integral\/","title":{"rendered":"Harina Ecol\u00f3gica Integral"},"content":{"rendered":"","protected":false},"excerpt":{"rendered":"<p>La Harina Ecol\u00f3gica Integral es el resultado de la selecci\u00f3n de <strong>los mejores trigos panificables ecol\u00f3gicos<\/strong> en una estrecha colaboraci\u00f3n con los agricultores de la provincia de Girona. Contiene todo el salvado del trigo y el germen, lo que nos lleva a tener el 100% del cereal en todos sus atributos. Su alta capacidad de absorci\u00f3n la convierte en una referencia del mercado de harinas ecol\u00f3gicas integrales. Tambi\u00e9n es una buena opci\u00f3n para la elaboraci\u00f3n de masas madre integrales, permitiendo elaborar panes ecol\u00f3gicos exquisitos con un excelente desarrollo 100% integrales.<\/p>\n","protected":false},"featured_media":15355,"comment_status":"closed","ping_status":"closed","template":"","meta":{"_acf_changed":false},"product_brand":[],"product_cat":[210,222],"product_tag":[],"class_list":{"0":"post-14732","1":"product","2":"type-product","3":"status-publish","4":"has-post-thumbnail","6":"product_cat-harinas-ecologicas","7":"product_cat-harinas-para-pan","9":"first","10":"instock","11":"shipping-taxable","12":"product-type-simple"},"acf":[],"_links":{"self":[{"href":"https:\/\/farineracoromina.com\/fr\/wp-json\/wp\/v2\/product\/14732","targetHints":{"allow":["GET"]}}],"collection":[{"href":"https:\/\/farineracoromina.com\/fr\/wp-json\/wp\/v2\/product"}],"about":[{"href":"https:\/\/farineracoromina.com\/fr\/wp-json\/wp\/v2\/types\/product"}],"replies":[{"embeddable":true,"href":"https:\/\/farineracoromina.com\/fr\/wp-json\/wp\/v2\/comments?post=14732"}],"wp:featuredmedia":[{"embeddable":true,"href":"https:\/\/farineracoromina.com\/fr\/wp-json\/wp\/v2\/media\/15355"}],"wp:attachment":[{"href":"https:\/\/farineracoromina.com\/fr\/wp-json\/wp\/v2\/media?parent=14732"}],"wp:term":[{"taxonomy":"product_brand","embeddable":true,"href":"https:\/\/farineracoromina.com\/fr\/wp-json\/wp\/v2\/product_brand?post=14732"},{"taxonomy":"product_cat","embeddable":true,"href":"https:\/\/farineracoromina.com\/fr\/wp-json\/wp\/v2\/product_cat?post=14732"},{"taxonomy":"product_tag","embeddable":true,"href":"https:\/\/farineracoromina.com\/fr\/wp-json\/wp\/v2\/product_tag?post=14732"}],"curies":[{"name":"wp","href":"https:\/\/api.w.org\/{rel}","templated":true}]}}

Harina Ecológica Integral

<p>La Harina Ecológica Integral es el resultado de la selección de <strong>los mejores trigos panificables ecológicos</strong> en una estrecha colaboración con los agricultores de la provincia de Girona. Contiene todo el salvado del trigo y el germen, lo que nos lleva a tener el 100% del cereal en todos sus atributos. Su alta capacidad de absorción la convierte en una referencia del mercado de harinas ecológicas integrales. También es una buena opción para la elaboración de masas madre integrales, permitiendo elaborar panes ecológicos exquisitos con un excelente desarrollo 100% integrales.</p>
